{"id":2191,"date":"2025-06-19T08:19:09","date_gmt":"2025-06-19T08:19:09","guid":{"rendered":"https:\/\/petpromax.com\/?post_type=product&#038;p=2191"},"modified":"2025-06-19T08:19:09","modified_gmt":"2025-06-19T08:19:09","slug":"lavanta-kokulu-10l","status":"publish","type":"product","link":"https:\/\/petpromax.com\/index.php\/urun\/lavanta-kokulu-10l\/","title":{"rendered":"LAVANTA KOKULU 10L"},"content":{"rendered":"<p>G\u00fc\u00e7l\u00fc Topaklanan <strong><em>BENTON\u0130T<\/em><\/strong> Kedi Kumu<\/p>\n<h1>Maksimum Ferahl\u0131k<\/h1>\n<p>MaXxlit\u2019in \u00f6zel form\u00fcl\u00fc, hem sizin hem de kediniz i\u00e7in ferah ve temiz bir\u00a0 ortam sa\u011flamak \u00fczere tasarlanm\u0131\u015ft\u0131r.<\/p>\n<h1>Maksimum Topaklanma<\/h1>\n<p>MaXxlit, m\u00fckemmel topaklanma g\u00fcc\u00fc sa\u011flar, s\u0131k\u0131 ve kolayca \u00e7\u0131kar\u0131labilen topaklar olu\u015fturur, bu da temizlik i\u015flemini basitle\u015ftirir ve kum kab\u0131n\u0131 taze tutar.<\/p>\n<h1>Azalt\u0131lm\u0131\u015f Toz &amp; Koku Koruma<\/h1>\n<p>Geli\u015fmi\u015f form\u00fcl\u00fc tozu en aza indirir, kar\u0131\u015f\u0131kl\u0131\u011f\u0131 ve solunum tahri\u015flerini azalt\u0131r; ayr\u0131ca Koku Koruma teknolojisi, ho\u015f olmayan kokular\u0131 etkili bir \u015fekilde n\u00f6tralize eder, b\u00f6ylece evinizi daha keyifli hale getirir.<\/p>\n<h1>Do\u011fal Bentonit<\/h1>\n<p>Do\u011fal bentonitten \u00fcretilen MaXxlit kedi kumu, \u00fcst\u00fcn emicilik ve do\u011fal koku kontrol\u00fc sa\u011flar, bu da kedinizin ihtiya\u00e7lar\u0131 i\u00e7in y\u00fcksek kaliteli ve \u00e7evre dostu bir se\u00e7enek sunar.<\/p>\n","protected":false},"excerpt":{"rendered":"<table style=\"height: 72px;\" width=\"966\">\n<tbody>\n<tr>\n<td colspan=\"3\" width=\"657\">TOPAKLANAN BENTON\u0130T KED\u0130 KUMU \u00d6ZELL\u0130KLER\u0130<\/td>\n<\/tr>\n<tr>\n<td width=\"324\">TANE ARALI\u011eI\u00a0\u00a0\u00a0\u00a0\u00a0\u00a0\u00a0\u00a0\u00a0\u00a0\u00a0\u00a0\u00a0\u00a0\u00a0\u00a0\u00a0\u00a0\u00a0\u00a0\u00a0\u00a0\u00a0\u00a0\u00a0\u00a0\u00a0\u00a0\u00a0\u00a0\u00a0\u00a0\u00a0\u00a0\u00a0\u00a0\u00a0\u00a0\u00a0\u00a0\u00a0\u00a0\u00a0\u00a0\u00a0\u00a0\u00a0\u00a0 0,6 mm-2,38 mm<\/td>\n<td width=\"10\"><\/td>\n<td width=\"324\">TOPAKLANMA\u00a0\u00a0\u00a0\u00a0\u00a0\u00a0\u00a0\u00a0\u00a0\u00a0\u00a0\u00a0\u00a0\u00a0\u00a0\u00a0\u00a0\u00a0\u00a0\u00a0\u00a0\u00a0\u00a0\u00a0\u00a0\u00a0\u00a0\u00a0\u00a0\u00a0\u00a0\u00a0\u00a0\u00a0\u00a0\u00a0\u00a0\u00a0\u00a0\u00a0\u00a0\u00a0\u00a0\u00a0\u00a0\u00a0\u00a0 STANDART<\/td>\n<\/tr>\n<\/tbody>\n<\/table>\n<p><strong>\u00a0<\/strong><\/p>\n<table style=\"height: 275px;\" width=\"969\">\n<tbody>\n<tr>\n<td width=\"153\">\u00d6ZELL\u0130KLER\u0130<\/td>\n<td width=\"171\">STANDART<\/td>\n<td width=\"10\"><\/td>\n<td width=\"204\">Topaklanma A\u011f\u0131rl\u0131\u011f\u0131 ( 20 ml su )<\/td>\n<td width=\"120\">55-65 gr.<\/td>\n<\/tr>\n<tr>\n<td width=\"153\">Nem<\/td>\n<td width=\"171\">8-10 %<\/td>\n<td width=\"10\"><\/td>\n<td width=\"204\">Topak \u00c7ap\u0131<\/td>\n<td width=\"120\">3,5-4,5 cm<\/td>\n<\/tr>\n<tr>\n<td width=\"153\">Westinghouse<\/td>\n<td width=\"171\">280 % min.<\/td>\n<td width=\"10\"><\/td>\n<td width=\"204\">Topak Kal\u0131nl\u0131\u011f\u0131<\/td>\n<td width=\"120\">3,5-4,5 cm<\/td>\n<\/tr>\n<tr>\n<td width=\"153\">\u015ei\u015fme \u00d6zelli\u011fi<\/td>\n<td width=\"171\">18-22 ml 2\/gr.<\/td>\n<td width=\"10\"><\/td>\n<td width=\"204\">Topak \u015eekli<\/td>\n<td width=\"120\">OVAL<\/td>\n<\/tr>\n<tr>\n<td width=\"153\">Beyazl\u0131k<\/td>\n<td width=\"171\">88-92 %<\/td>\n<td width=\"10\"><\/td>\n<td width=\"204\">Topak Rengi<\/td>\n<td width=\"120\">BEJ<\/td>\n<\/tr>\n<tr>\n<td width=\"153\">pH<\/td>\n<td width=\"171\">8,8-10 pH<\/td>\n<td width=\"10\"><\/td>\n<td width=\"204\">Topak K\u0131vaml\u0131l\u0131\u011f\u0131<\/td>\n<td width=\"120\">5<\/td>\n<\/tr>\n<tr>\n<td width=\"153\">Yo\u011funluk<\/td>\n<td width=\"171\">870-890 gr\/L<\/td>\n<td width=\"10\"><\/td>\n<td width=\"204\">Koku<\/td>\n<td width=\"120\">KOKUSUZ<\/td>\n<\/tr>\n<tr>\n<td width=\"153\">Renk<\/td>\n<td width=\"171\">BEYAZ<\/td>\n<td width=\"10\"><\/td>\n<td width=\"204\"><\/td>\n<td width=\"120\"><\/td>\n<\/tr>\n<\/tbody>\n<\/table>\n<p>&nbsp;<\/p>\n","protected":false},"featured_media":2174,"template":"","meta":{"om_disable_all_campaigns":false},"product_brand":[],"product_cat":[102],"product_tag":[],"class_list":{"0":"post-2191","1":"product","2":"type-product","3":"status-publish","4":"has-post-thumbnail","6":"product_cat-maxxlit-kedi-kumu-urun","8":"first","9":"instock","10":"shipping-taxable","11":"product-type-simple"},"_links":{"self":[{"href":"https:\/\/petpromax.com\/index.php\/wp-json\/wp\/v2\/product\/2191","targetHints":{"allow":["GET"]}}],"collection":[{"href":"https:\/\/petpromax.com\/index.php\/wp-json\/wp\/v2\/product"}],"about":[{"href":"https:\/\/petpromax.com\/index.php\/wp-json\/wp\/v2\/types\/product"}],"version-history":[{"count":1,"href":"https:\/\/petpromax.com\/index.php\/wp-json\/wp\/v2\/product\/2191\/revisions"}],"predecessor-version":[{"id":2192,"href":"https:\/\/petpromax.com\/index.php\/wp-json\/wp\/v2\/product\/2191\/revisions\/2192"}],"wp:featuredmedia":[{"embeddable":true,"href":"https:\/\/petpromax.com\/index.php\/wp-json\/wp\/v2\/media\/2174"}],"wp:attachment":[{"href":"https:\/\/petpromax.com\/index.php\/wp-json\/wp\/v2\/media?parent=2191"}],"wp:term":[{"taxonomy":"product_brand","embeddable":true,"href":"https:\/\/petpromax.com\/index.php\/wp-json\/wp\/v2\/product_brand?post=2191"},{"taxonomy":"product_cat","embeddable":true,"href":"https:\/\/petpromax.com\/index.php\/wp-json\/wp\/v2\/product_cat?post=2191"},{"taxonomy":"product_tag","embeddable":true,"href":"https:\/\/petpromax.com\/index.php\/wp-json\/wp\/v2\/product_tag?post=2191"}],"curies":[{"name":"wp","href":"https:\/\/api.w.org\/{rel}","templated":true}]}}