{"id":2118,"date":"2025-06-18T18:17:27","date_gmt":"2025-06-18T18:17:27","guid":{"rendered":"https:\/\/petpromax.com\/?post_type=product&#038;p=2118"},"modified":"2025-06-18T18:20:09","modified_gmt":"2025-06-18T18:20:09","slug":"new-happy-feed-tavuklu-yetiskin-kopek-mamasi-15-kg","status":"publish","type":"product","link":"https:\/\/petpromax.com\/index.php\/urun\/new-happy-feed-tavuklu-yetiskin-kopek-mamasi-15-kg\/","title":{"rendered":".New Happy Feed Tavuklu Yeti\u015fkin K\u00f6pek Mamas\u0131 15kg"},"content":{"rendered":"<p>\u0130\u015flenmi\u015f tavuk proteini, i\u015flenmi\u015f hayvansal protein, pirin\u00e7, m\u0131s\u0131r, tavuk unu, m\u0131s\u0131r gluteni, bu\u011fday, bu\u011fday kepe\u011fi, bal\u0131k unu, somon ya\u011f\u0131, tavuk ya\u011f\u0131, ke\u00e7iboynuzu k\u0131r\u0131\u011f\u0131, bira mayas\u0131, methionin, lisine, tuz, mineraller, vitaminler, aroma verici.<\/p>\n<p>M\u0130NERALLER: Kalsiyum, fosfor, sodyum, iyot, \u00e7inko, bak\u0131r, potasyum klor\u00fcr, demir, selenyum.<\/p>\n<p>V\u0130TAM\u0130NLER: Vit. A 12500 \u0131u\/kg, Vit. D 1000 \u0131u\/kg, Vit. E 80mg\/kg, Vit. C 120 mg\/kg<\/p>\n","protected":false},"excerpt":{"rendered":"<p class=\"p2\">HAM PROTE\u0130N<\/p>\n<p class=\"p6\"><b>%19<\/b><\/p>\n<p class=\"p2\">HAM YA\u011e<\/p>\n<p class=\"p3\"><b>%9<\/b><\/p>\n<p class=\"p4\">HAM K\u00dcL<\/p>\n<p class=\"p5\"><b>%9 <\/b><\/p>\n<p class=\"p4\">HAM SEL\u00dcLOZ<\/p>\n<p class=\"p5\"><b>%3,5<\/b><\/p>\n<p>&nbsp;<\/p>\n","protected":false},"featured_media":1478,"template":"","meta":{"om_disable_all_campaigns":false},"product_brand":[],"product_cat":[93],"product_tag":[],"class_list":{"0":"post-2118","1":"product","2":"type-product","3":"status-publish","4":"has-post-thumbnail","6":"product_cat-happy-feed-kopek","8":"first","9":"instock","10":"shipping-taxable","11":"product-type-simple"},"_links":{"self":[{"href":"https:\/\/petpromax.com\/index.php\/wp-json\/wp\/v2\/product\/2118","targetHints":{"allow":["GET"]}}],"collection":[{"href":"https:\/\/petpromax.com\/index.php\/wp-json\/wp\/v2\/product"}],"about":[{"href":"https:\/\/petpromax.com\/index.php\/wp-json\/wp\/v2\/types\/product"}],"version-history":[{"count":1,"href":"https:\/\/petpromax.com\/index.php\/wp-json\/wp\/v2\/product\/2118\/revisions"}],"predecessor-version":[{"id":2119,"href":"https:\/\/petpromax.com\/index.php\/wp-json\/wp\/v2\/product\/2118\/revisions\/2119"}],"wp:featuredmedia":[{"embeddable":true,"href":"https:\/\/petpromax.com\/index.php\/wp-json\/wp\/v2\/media\/1478"}],"wp:attachment":[{"href":"https:\/\/petpromax.com\/index.php\/wp-json\/wp\/v2\/media?parent=2118"}],"wp:term":[{"taxonomy":"product_brand","embeddable":true,"href":"https:\/\/petpromax.com\/index.php\/wp-json\/wp\/v2\/product_brand?post=2118"},{"taxonomy":"product_cat","embeddable":true,"href":"https:\/\/petpromax.com\/index.php\/wp-json\/wp\/v2\/product_cat?post=2118"},{"taxonomy":"product_tag","embeddable":true,"href":"https:\/\/petpromax.com\/index.php\/wp-json\/wp\/v2\/product_tag?post=2118"}],"curies":[{"name":"wp","href":"https:\/\/api.w.org\/{rel}","templated":true}]}}