{"id":1987,"date":"2025-06-18T11:32:09","date_gmt":"2025-06-18T11:32:09","guid":{"rendered":"https:\/\/petpromax.com\/?post_type=product&#038;p=1987"},"modified":"2025-06-18T11:33:36","modified_gmt":"2025-06-18T11:33:36","slug":"pet-coin-plus-somonlu-yetiskin-kedi-mamasi-15-kg","status":"publish","type":"product","link":"https:\/\/petpromax.com\/index.php\/urun\/pet-coin-plus-somonlu-yetiskin-kedi-mamasi-15-kg\/","title":{"rendered":"Pet Coin Plus Somonlu Yeti\u015fkin Kedi Mamas\u0131 15 kg"},"content":{"rendered":"<p>\u0130\u00c7\u0130NDEK\u0130LER:<br \/>\n\u0130\u015flenmi\u015f hayvansal protein (%22 Somon, %12 Tavuk), bitkisel protein (%7), bu\u011fday, m\u0131s\u0131r, pirin\u00e7, bezelye, hayvansal ya\u011f (%3 Somon), m\u0131s\u0131r gluteni, bonkalit, bitkisel lifler, do\u011fal aroma vericiler, yucca 60mg\/kg, ci\u011fer aromas\u0131, taurine 1000mg\/kg, selenium 0.1mg\/kg<\/p>\n<p>M\u0130NERALLER: Kalsiyum, fosfor, sodyum, iyot(3b202), \u00e7inko(3b605), bak\u0131r(3b405), potasyum klor\u00fcr,<br \/>\ndemir(3b103), selenium(E8).<\/p>\n<p>V\u0130TAM\u0130NLER: Vitamin A (3a623a), Vitamin D (3a671), Vitamin E(3a700), Vitamin C, Vit.B1(3a821) \u2013B2(3a) \u2013B3(3a315) -B6(3a831) \u2013B12(3a&#8212;) \u2013B7(biotin 3a880) \u2013 B9 (folik asit 3a316), Vit. K(3a710), kolin, kalsiyum, pantotetan.<\/p>\n","protected":false},"excerpt":{"rendered":"<p class=\"p2\">HAM PROTE\u0130N<\/p>\n<p class=\"p6\"><b>%33<\/b><\/p>\n<p class=\"p2\">HAM YA\u011e<\/p>\n<p class=\"p3\"><b>%11 <\/b><\/p>\n<p class=\"p4\">HAM K\u00dcL<\/p>\n<p class=\"p5\"><b>%9 <\/b><\/p>\n<p class=\"p4\">HAM SEL\u00dcLOZ<\/p>\n<p class=\"p5\"><b>%6 <\/b><\/p>\n<p class=\"p6\">\n","protected":false},"featured_media":1988,"template":"","meta":{"om_disable_all_campaigns":false},"product_brand":[],"product_cat":[99,100],"product_tag":[],"class_list":{"0":"post-1987","1":"product","2":"type-product","3":"status-publish","4":"has-post-thumbnail","6":"product_cat-petcoin-plus-urun","7":"product_cat-petcoin-plus-kedi","9":"first","10":"instock","11":"shipping-taxable","12":"product-type-simple"},"_links":{"self":[{"href":"https:\/\/petpromax.com\/index.php\/wp-json\/wp\/v2\/product\/1987","targetHints":{"allow":["GET"]}}],"collection":[{"href":"https:\/\/petpromax.com\/index.php\/wp-json\/wp\/v2\/product"}],"about":[{"href":"https:\/\/petpromax.com\/index.php\/wp-json\/wp\/v2\/types\/product"}],"version-history":[{"count":2,"href":"https:\/\/petpromax.com\/index.php\/wp-json\/wp\/v2\/product\/1987\/revisions"}],"predecessor-version":[{"id":1990,"href":"https:\/\/petpromax.com\/index.php\/wp-json\/wp\/v2\/product\/1987\/revisions\/1990"}],"wp:featuredmedia":[{"embeddable":true,"href":"https:\/\/petpromax.com\/index.php\/wp-json\/wp\/v2\/media\/1988"}],"wp:attachment":[{"href":"https:\/\/petpromax.com\/index.php\/wp-json\/wp\/v2\/media?parent=1987"}],"wp:term":[{"taxonomy":"product_brand","embeddable":true,"href":"https:\/\/petpromax.com\/index.php\/wp-json\/wp\/v2\/product_brand?post=1987"},{"taxonomy":"product_cat","embeddable":true,"href":"https:\/\/petpromax.com\/index.php\/wp-json\/wp\/v2\/product_cat?post=1987"},{"taxonomy":"product_tag","embeddable":true,"href":"https:\/\/petpromax.com\/index.php\/wp-json\/wp\/v2\/product_tag?post=1987"}],"curies":[{"name":"wp","href":"https:\/\/api.w.org\/{rel}","templated":true}]}}