{"id":1359,"date":"2025-01-30T20:28:16","date_gmt":"2025-01-30T20:28:16","guid":{"rendered":"https:\/\/petpromax.com\/?post_type=product&#038;p=1359"},"modified":"2025-01-30T23:12:44","modified_gmt":"2025-01-30T23:12:44","slug":"vegas-tavuk-etli-yetiskin-kedi-mamasi-10-kg-2-kg","status":"publish","type":"product","link":"https:\/\/petpromax.com\/index.php\/urun\/vegas-tavuk-etli-yetiskin-kedi-mamasi-10-kg-2-kg\/","title":{"rendered":"Vegas Tavuk Etli Yeti\u015fkin Kedi Mamas\u0131 10 Kg | 2 Kg"},"content":{"rendered":"<p>Kedinizin sa\u011fl\u0131kl\u0131 ve dengeli bir \u015fekilde beslenmesi i\u00e7in Vegas Tavuk Etli Yeti\u015fkin Kedi Mamas\u0131 m\u00fckemmel bir tercihtir. Y\u00fcksek kaliteli tavuk eti ile zenginle\u015ftirilmi\u015f bu mama, kedinizin g\u00fcnl\u00fck protein ihtiyac\u0131n\u0131 kar\u015f\u0131lar ve g\u00fc\u00e7l\u00fc kas yap\u0131s\u0131n\u0131 destekler.<\/p>\n<p>Tavuk eti, kedinizin sa\u011fl\u0131\u011f\u0131 i\u00e7in gerekli olan y\u00fcksek kaliteli protein sa\u011flar ve lezzetli tad\u0131yla kedinizin i\u015ftah\u0131n\u0131 a\u00e7ar. \u0130\u00e7eri\u011findeki vitaminler, mineraller ve dengeli ya\u011f asitleri, kedinizin ba\u011f\u0131\u015f\u0131kl\u0131k sistemini g\u00fc\u00e7lendirir, cilt ve t\u00fcy sa\u011fl\u0131\u011f\u0131n\u0131 iyile\u015ftirir. Ayr\u0131ca, sindirimi kolay bile\u015fenlerle form\u00fcle edilen bu mama, kedinizin sindirim sa\u011fl\u0131\u011f\u0131n\u0131 destekler.<\/p>\n<p>Vegas Tavuk Etli Yeti\u015fkin Kedi Mamas\u0131, kedinizin t\u00fcm besin ihtiya\u00e7lar\u0131n\u0131 kar\u015f\u0131layarak ona sa\u011fl\u0131kl\u0131 bir ya\u015fam sunar. Her \u00f6\u011f\u00fcnde kedinizin enerjik, mutlu ve sa\u011fl\u0131kl\u0131 bir ya\u015fam s\u00fcrmesini sa\u011flayan bu mama, ayn\u0131 zamanda lezzetli tad\u0131 ile kedinizin beslenme deneyimini keyifli hale getirir.<\/p>\n<p>\u0130\u00c7\u0130NDEK\u0130LER: \u0130\u015flenmi\u015f tavuk proteini, i\u015flenmi\u015f hayvansal protein, bu\u011fday, m\u0131s\u0131r, pirin\u00e7, hayvansal ya\u011f, m\u0131s\u0131r gluteni, ci\u011fer aromas\u0131, bonkalit, tuz<\/p>\n<p>M\u0130NERALLER: Kalsiyum, fosfor, sodyum, iyot, \u00e7inko, bak\u0131r, potasyum klor\u00fcr, demir, selenyum<\/p>\n<p>V\u0130TAM\u0130NLER: Vit. A, Vit. D, Vit. E, Vit. C, Vit. B1-B2-B3 (Niasin) -B6, B12-B7 (Biotin) -B9 (Folik asit), Vit. K, Kolin, Kalsiyum, Pantotetan<\/p>\n","protected":false},"excerpt":{"rendered":"<table width=\"224\">\n<tbody>\n<tr>\n<td colspan=\"2\" width=\"224\"><strong>ANAL\u0130T\u0130K B\u0130LE\u015eENLER<\/strong><\/td>\n<\/tr>\n<tr>\n<td width=\"192\"><strong>Ham Protein<\/strong><\/td>\n<td width=\"32\">26%<\/td>\n<\/tr>\n<tr>\n<td width=\"192\"><strong>Ham Ya\u011f<\/strong><\/td>\n<td width=\"32\">10%<\/td>\n<\/tr>\n<tr>\n<td width=\"192\"><strong>Ham Sel\u00fcloz<\/strong><\/td>\n<td width=\"32\">6%<\/td>\n<\/tr>\n<tr>\n<td width=\"192\"><strong>Ham K\u00fcl<\/strong><\/td>\n<td width=\"32\">9%<\/td>\n<\/tr>\n<\/tbody>\n<\/table>\n","protected":false},"featured_media":1454,"template":"","meta":{"om_disable_all_campaigns":false},"product_brand":[],"product_cat":[90],"product_tag":[],"class_list":{"0":"post-1359","1":"product","2":"type-product","3":"status-publish","4":"has-post-thumbnail","6":"product_cat-vegas-kedi","8":"first","9":"instock","10":"shipping-taxable","11":"product-type-simple"},"_links":{"self":[{"href":"https:\/\/petpromax.com\/index.php\/wp-json\/wp\/v2\/product\/1359","targetHints":{"allow":["GET"]}}],"collection":[{"href":"https:\/\/petpromax.com\/index.php\/wp-json\/wp\/v2\/product"}],"about":[{"href":"https:\/\/petpromax.com\/index.php\/wp-json\/wp\/v2\/types\/product"}],"version-history":[{"count":0,"href":"https:\/\/petpromax.com\/index.php\/wp-json\/wp\/v2\/product\/1359\/revisions"}],"wp:featuredmedia":[{"embeddable":true,"href":"https:\/\/petpromax.com\/index.php\/wp-json\/wp\/v2\/media\/1454"}],"wp:attachment":[{"href":"https:\/\/petpromax.com\/index.php\/wp-json\/wp\/v2\/media?parent=1359"}],"wp:term":[{"taxonomy":"product_brand","embeddable":true,"href":"https:\/\/petpromax.com\/index.php\/wp-json\/wp\/v2\/product_brand?post=1359"},{"taxonomy":"product_cat","embeddable":true,"href":"https:\/\/petpromax.com\/index.php\/wp-json\/wp\/v2\/product_cat?post=1359"},{"taxonomy":"product_tag","embeddable":true,"href":"https:\/\/petpromax.com\/index.php\/wp-json\/wp\/v2\/product_tag?post=1359"}],"curies":[{"name":"wp","href":"https:\/\/api.w.org\/{rel}","templated":true}]}}