{"id":804,"date":"2024-11-28T03:29:50","date_gmt":"2024-11-28T03:29:50","guid":{"rendered":"https:\/\/petpromax.com\/?page_id=804"},"modified":"2025-01-04T21:29:43","modified_gmt":"2025-01-04T21:29:43","slug":"ihracat","status":"publish","type":"page","link":"https:\/\/petpromax.com\/index.php\/ihracat\/","title":{"rendered":"\u0130hracat"},"content":{"rendered":"\t\t<div data-elementor-type=\"wp-page\" data-elementor-id=\"804\" class=\"elementor elementor-804\" data-elementor-post-type=\"page\">\n\t\t\t\t<div class=\"elementor-element elementor-element-6a3f52b e-flex e-con-boxed tmpcoder-jarallax-no tmpcoder-parallax-no tmpcoder-particle-no tmpcoder-sticky-section-no e-con e-parent\" data-id=\"6a3f52b\" data-element_type=\"container\">\n\t\t\t\t\t<div class=\"e-con-inner\">\n\t\t\t\t<div class=\"elementor-element elementor-element-e3ed835 elementor-widget elementor-widget-tmpcoder_breadcrumb\" data-id=\"e3ed835\" data-element_type=\"widget\" data-widget_type=\"tmpcoder_breadcrumb.default\">\n\t\t\t\t<div class=\"elementor-widget-container\">\n\t\t\t\t\t\n        <div class=\"row\">\n            <div class=\"col-md-12\">\n                <div class=\"page-banner\">\n                    <h1 class=\"sub-banner-title yes\">\u0130hracat<\/h1>                <\/div>\n            <\/div>\n        <\/div>\n\n        \t\t\t\t<\/div>\n\t\t\t\t<\/div>\n\t\t\t\t\t<\/div>\n\t\t\t\t<\/div>\n\t\t<div class=\"elementor-element elementor-element-aa9d152 e-grid e-con-boxed tmpcoder-jarallax-no tmpcoder-parallax-no tmpcoder-particle-no tmpcoder-sticky-section-no e-con e-parent\" data-id=\"aa9d152\" data-element_type=\"container\">\n\t\t\t\t\t<div class=\"e-con-inner\">\n\t\t\t\t<div class=\"elementor-element elementor-element-b0b3cd2 elementor-widget elementor-widget-image\" data-id=\"b0b3cd2\" data-element_type=\"widget\" data-widget_type=\"image.default\">\n\t\t\t\t<div class=\"elementor-widget-container\">\n\t\t\t\t\t\t\t\t\t\t\t\t\t\t\t<img fetchpriority=\"high\" decoding=\"async\" width=\"640\" height=\"274\" src=\"http:\/\/petpromax.com\/wp-content\/uploads\/2024\/12\/turkey-1024x439.png\" class=\"attachment-large size-large wp-image-1004\" alt=\"\" srcset=\"http:\/\/petpromax.com\/wp-content\/uploads\/2024\/12\/turkey-1024x439.png 1024w, http:\/\/petpromax.com\/wp-content\/uploads\/2024\/12\/turkey-300x129.png 300w, http:\/\/petpromax.com\/wp-content\/uploads\/2024\/12\/turkey-768x329.png 768w, http:\/\/petpromax.com\/wp-content\/uploads\/2024\/12\/turkey-1536x658.png 1536w, http:\/\/petpromax.com\/wp-content\/uploads\/2024\/12\/turkey-2048x877.png 2048w, http:\/\/petpromax.com\/wp-content\/uploads\/2024\/12\/turkey-600x257.png 600w\" sizes=\"(max-width: 640px) 100vw, 640px\" \/>\t\t\t\t\t\t\t\t\t\t\t\t\t\t\t<\/div>\n\t\t\t\t<\/div>\n\t\t\t\t<div class=\"elementor-element elementor-element-13221b9 elementor-widget elementor-widget-heading\" data-id=\"13221b9\" data-element_type=\"widget\" data-widget_type=\"heading.default\">\n\t\t\t\t<div class=\"elementor-widget-container\">\n\t\t\t\t\t<h2 class=\"elementor-heading-title elementor-size-default\">Global Pazarlara Kaliteyle A\u00e7\u0131lan Kap\u0131<\/h2>\t\t\t\t<\/div>\n\t\t\t\t<\/div>\n\t\t\t\t<div class=\"elementor-element elementor-element-c1e2ac1 elementor-widget elementor-widget-text-editor\" data-id=\"c1e2ac1\" data-element_type=\"widget\" data-widget_type=\"text-editor.default\">\n\t\t\t\t<div class=\"elementor-widget-container\">\n\t\t\t\t\t\t\t\t\t<div class=\"flex max-w-full flex-col flex-grow\"><div class=\"min-h-8 text-message flex w-full flex-col items-end gap-2 whitespace-normal break-words [.text-message+&amp;]:mt-5\" dir=\"auto\" data-message-author-role=\"assistant\" data-message-id=\"67b5bb25-da18-4eae-a5b4-4e3da7914ebe\" data-message-model-slug=\"gpt-4o\"><div class=\"flex w-full flex-col gap-1 empty:hidden first:pt-[3px]\"><div class=\"markdown prose w-full break-words dark:prose-invert light\"><p><strong>\u0130hracatta Profesyonellik ve G\u00fcvenle Yol Al\u0131yoruz<\/strong><\/p><p>\u0130hracat s\u00fcre\u00e7lerimiz, Adana-Kozan Organize Sanayi B\u00f6lgesi\u2019nde bulunan modern \u00fcretim tesisimizde titizlikle ba\u015flamakta ve uluslararas\u0131 pazarlara uzanan bir ba\u015far\u0131 hik\u00e2yesi ile devam etmektedir. Mersin ve \u0130skenderun Limanlar\u0131na yaln\u0131zca bir bu\u00e7uk saatlik mesafede bulunan stratejik konumumuz, lojistik s\u00fcre\u00e7lerde h\u0131z ve verimlili\u011fi beraberinde getirirken, \u00fcr\u00fcnlerimizin en k\u0131sa s\u00fcrede d\u00fcnya genelindeki i\u015f ortaklar\u0131m\u0131za ula\u015fmas\u0131n\u0131 sa\u011flamaktad\u0131r.<\/p><p>Lojistikten g\u00fcmr\u00fck i\u015flemlerine kadar t\u00fcm a\u015famalarda profesyonel bir yakla\u015f\u0131m sergiliyor, y\u00fcksek standartlar\u0131m\u0131z\u0131 her ad\u0131mda koruyoruz. \u00dcr\u00fcnlerimiz, yolculu\u011funa tesisimizde ba\u015flad\u0131\u011f\u0131 andan itibaren kalite kontrol prosed\u00fcrlerine uygun bir \u015fekilde haz\u0131rlan\u0131r ve uluslararas\u0131 standartlara uygun ambalajlarla g\u00fcvence alt\u0131na al\u0131n\u0131r. Bu s\u00fcre\u00e7ler, hem \u00fcr\u00fcnlerimizin tazeli\u011fini hem de kalitesini korumam\u0131z\u0131 sa\u011flar.<\/p><p><strong>Uluslararas\u0131 Ticaret A\u011f\u0131m\u0131z\u0131 S\u00fcrekli Geni\u015fletiyoruz<\/strong><\/p><p>Sekt\u00f6r\u00fcm\u00fczdeki \u00f6nc\u00fc konumumuzu, g\u00fc\u00e7l\u00fc uluslararas\u0131 ticaret a\u011f\u0131m\u0131z ve uzman kadromuz sayesinde s\u00fcrekli geli\u015ftiriyoruz. Farkl\u0131 co\u011frafyalardaki i\u015f ortaklar\u0131m\u0131za ve evcil hayvan sahiplerine en iyi \u00fcr\u00fcn ve hizmetleri sunma misyonuyla hareket ederek, global pazarlar\u0131n dinamiklerine h\u0131zl\u0131 bir \u015fekilde uyum sa\u011fl\u0131yoruz. Her ge\u00e7en g\u00fcn geni\u015fleyen ihracat yelpazemizle, hem ticari ortaklar\u0131m\u0131z\u0131n hem de son kullan\u0131c\u0131lar\u0131n ihtiya\u00e7lar\u0131n\u0131 en iyi \u015fekilde kar\u015f\u0131l\u0131yoruz.<\/p><p>D\u00fcnya \u00e7ap\u0131nda b\u00fcy\u00fcyen ihracat a\u011f\u0131m\u0131z, k\u00fcresel pazarda g\u00fcvenilir bir marka olma yolunda h\u0131zla ilerlememizi sa\u011flamaktad\u0131r. Promax Pet Food, Bat\u0131 Avrupa, T\u00fcrki Cumhuriyetler, Orta Asya, Orta Do\u011fu ve K\u00f6rfez \u00fclkeleri ile Orta ve Bat\u0131 Afrika da dahil olmak \u00fczere 25\u2019i a\u015fk\u0131n \u00fclkeye kaliteli pet food \u00fcr\u00fcnlerini ba\u015far\u0131yla ihra\u00e7 etmektedir. Geni\u015f ihracat a\u011f\u0131m\u0131z, global pazarda markalar\u0131m\u0131z\u0131 her ge\u00e7en g\u00fcn daha da g\u00fc\u00e7lendirirken, d\u00fcnya \u00e7ap\u0131nda bir\u00e7ok k\u00f6pek ve kedinin sa\u011fl\u0131kl\u0131 ve dengeli beslenmesine katk\u0131 sa\u011flamaktad\u0131r.<\/p><p><strong>M\u00fc\u015fteri Odakl\u0131 ve \u00c7\u00f6z\u00fcm S\u00fcre\u00e7lerimizle Fark Yarat\u0131yoruz<\/strong><\/p><p>\u0130hracat operasyonlar\u0131m\u0131z yaln\u0131zca \u00fcr\u00fcnlerin ta\u015f\u0131nmas\u0131 de\u011fil, ayn\u0131 zamanda i\u015f ortaklar\u0131m\u0131zla s\u00fcrd\u00fcr\u00fclebilir ili\u015fkiler kurmay\u0131 da ama\u00e7lar. Her bir i\u015f orta\u011f\u0131m\u0131z\u0131n ihtiya\u00e7lar\u0131na \u00f6zel \u00e7\u00f6z\u00fcmler geli\u015ftiriyor, h\u0131zl\u0131, g\u00fcvenilir ve sorunsuz bir ihracat s\u00fcreci sunarak sekt\u00f6rde fark yarat\u0131yoruz.<\/p><p>T\u00fcm bu s\u00fcre\u00e7lerde \u00f6nceli\u011fimiz, \u00fcr\u00fcnlerimizin uluslararas\u0131 pazarlarda en iyi \u015fekilde temsil edilmesi ve evcil hayvan sahiplerine kaliteli \u00e7\u00f6z\u00fcmler sunmam\u0131zd\u0131r. \u0130hracatta edindi\u011fimiz tecr\u00fcbeyle global hedeflerimize emin ad\u0131mlarla ilerlerken, sizleri de bu ba\u015far\u0131 yolculu\u011funa ortak olmaya davet ediyoruz.<\/p><\/div><\/div><\/div><\/div>\t\t\t\t\t\t\t\t<\/div>\n\t\t\t\t<\/div>\n\t\t\t\t\t<\/div>\n\t\t\t\t<\/div>\n\t\t\t\t<\/div>\n\t\t","protected":false},"excerpt":{"rendered":"<p>\u0130hracat Global Pazarlara Kaliteyle A\u00e7\u0131lan Kap\u0131 \u0130hracatta Profesyonellik ve G\u00fcvenle Yol Al\u0131yoruz \u0130hracat s\u00fcre\u00e7lerimiz, Adana-Kozan Organize Sanayi B\u00f6lgesi\u2019nde bulunan modern \u00fcretim tesisimizde titizlikle ba\u015flamakta ve uluslararas\u0131 pazarlara uzanan bir ba\u015far\u0131 hik\u00e2yesi ile devam etmektedir. Mersin ve \u0130skenderun Limanlar\u0131na yaln\u0131zca bir bu\u00e7uk saatlik mesafede bulunan stratejik konumumuz, lojistik s\u00fcre\u00e7lerde h\u0131z ve verimlili\u011fi beraberinde getirirken, \u00fcr\u00fcnlerimizin en [&hellip;]<\/p>\n","protected":false},"author":1,"featured_media":0,"parent":0,"menu_order":0,"comment_status":"closed","ping_status":"closed","template":"elementor_header_footer","meta":{"om_disable_all_campaigns":false,"footnotes":""},"class_list":["post-804","page","type-page","status-publish","hentry"],"_links":{"self":[{"href":"https:\/\/petpromax.com\/index.php\/wp-json\/wp\/v2\/pages\/804","targetHints":{"allow":["GET"]}}],"collection":[{"href":"https:\/\/petpromax.com\/index.php\/wp-json\/wp\/v2\/pages"}],"about":[{"href":"https:\/\/petpromax.com\/index.php\/wp-json\/wp\/v2\/types\/page"}],"author":[{"embeddable":true,"href":"https:\/\/petpromax.com\/index.php\/wp-json\/wp\/v2\/users\/1"}],"replies":[{"embeddable":true,"href":"https:\/\/petpromax.com\/index.php\/wp-json\/wp\/v2\/comments?post=804"}],"version-history":[{"count":22,"href":"https:\/\/petpromax.com\/index.php\/wp-json\/wp\/v2\/pages\/804\/revisions"}],"predecessor-version":[{"id":1208,"href":"https:\/\/petpromax.com\/index.php\/wp-json\/wp\/v2\/pages\/804\/revisions\/1208"}],"wp:attachment":[{"href":"https:\/\/petpromax.com\/index.php\/wp-json\/wp\/v2\/media?parent=804"}],"curies":[{"name":"wp","href":"https:\/\/api.w.org\/{rel}","templated":true}]}}